{"id":26,"date":"2019-12-20T12:32:25","date_gmt":"2019-12-20T12:32:25","guid":{"rendered":"http:\/\/csu-aschau.de\/?page_id=26"},"modified":"2019-12-20T12:32:26","modified_gmt":"2019-12-20T12:32:26","slug":"datenschutz","status":"publish","type":"page","link":"https:\/\/csu-aschau.de\/?page_id=26","title":{"rendered":"Datenschutz"},"content":{"rendered":"\n<p style=\"font-size:20px\"><strong>Datenschutzerkl\u00e4rung:<\/strong><\/p>\n\n\n\n<p>Die\nnachfolgende Datenschutzerkl\u00e4rung gilt f\u00fcr die Nutzung der Webseite <a href=\"http:\/\/www.csu-aschau.de\">www.csu-aschau.de<\/a> (nachfolgend \u201eWebsite\u201c).<\/p>\n\n\n\n<p>Wir messen\ndem Datenschutz gro\u00dfe Bedeutung bei. Die Erhebung und Verarbeitung Ihrer\npersonenbezogenen Daten geschieht unter Beachtung der geltenden\ndatenschutzrechtlichen Vorschriften, insbesondere der\nEU-Datenschutzgrundverordnung (DSGVO). Wir erheben und verarbeiten Ihre\npersonenbezogenen Daten, um Ihnen das oben genannten Portal anbieten zu k\u00f6nnen.\nDiese Erkl\u00e4rung beschreibt, wie und zu welchem Zweck Ihre Daten erfasst und\ngenutzt werden und welche Wahlm\u00f6glichkeiten Sie im Zusammenhang mit\npers\u00f6nlichen Daten haben.<\/p>\n\n\n\n<p>Durch Ihre\nVerwendung dieser Website stimmen Sie der Erfassung, Nutzung und \u00dcbertragung\nIhrer Daten gem\u00e4\u00df dieser Datenschutzerkl\u00e4rung zu.<\/p>\n\n\n\n<p><strong>1.\nVerantwortliche Stelle<\/strong><\/p>\n\n\n\n<p>Verantwortliche\nStelle f\u00fcr die Erhebung, Verarbeitung und Nutzung Ihrer personenbezogenen Daten\nim Sinne der DSGVO ist<\/p>\n\n\n\n<p> Paul Matu<br> Kornfeld 34<br> 84544 Aschau a. Inn<br> Tel. +49 172 5238679<br> E-Mail: info@csu-aschau.de<\/p>\n\n\n\n<p>Sofern Sie\nder Erhebung, Verarbeitung oder Nutzung Ihrer Daten durch uns nach Ma\u00dfgabe\ndieser Datenschutzbestimmungen insgesamt oder f\u00fcr einzelne Ma\u00dfnahmen\nwidersprechen wollen, k\u00f6nnen Sie Ihren Widerspruch an oben genannte\nverantwortliche Stelle richten.<\/p>\n\n\n\n<p>Sie k\u00f6nnen\ndiese Datenschutzerkl\u00e4rung jederzeit speichern und ausdrucken.<\/p>\n\n\n\n<p><strong>2.\nAllgemeine Nutzung der Website<\/strong><\/p>\n\n\n\n<p><strong>2.1\nZugriffsdaten<\/strong><\/p>\n\n\n\n<p>Wir sammeln\nInformationen \u00fcber Sie, wenn Sie diese Webseite nutzen. Wir erfassen\nautomatisch Informationen \u00fcber Ihr Nutzungsverhalten und Ihre Interaktion mit\nuns und registrieren Daten zu Ihrem Computer oder Mobilger\u00e4t. Wir erheben,\nspeichern und nutzen Daten \u00fcber jeden Zugriff auf unser Onlineangebot\n(sogenannte Serverlogfiles). Zu den Zugriffsdaten geh\u00f6ren Name und URL der\nabgerufenen Datei, Datum und Uhrzeit des Abrufs, \u00fcbertragene Datenmenge,\nMeldung \u00fcber erfolgreichen Abruf (HTTP response code), Browsertyp und\nBrowserversion, Betriebssystem, Referrer URL (d.h. die zuvor besuchte Seite),\nIP-Adresse und der anfragende Provider.<\/p>\n\n\n\n<p>Wir nutzen\ndiese Protokolldaten ohne Zuordnung zu Ihrer Person oder sonstiger\nProfilerstellung f\u00fcr statistische Auswertungen zum Zweck des Betriebs, der\nSicherheit und der Optimierung unseres Onlineangebotes, aber auch zur anonymen\nErfassung der Anzahl der Besucher auf unserer Webseite (traffic) sowie zu\nUmfang und zur Art der Nutzung unserer Webseite und Dienste, ebenso zu\nAbrechnungszwecken, um die Anzahl der von Kooperationspartnern erhaltenen\nClicks zu messen. Aufgrund dieser Informationen k\u00f6nnen wir personalisierte und\nstandortbezogene Inhalte zur Verf\u00fcgung stellen und den Datenverkehr analysieren,\nFehler suchen und beheben und unsere Dienste verbessern. Wir behalten uns vor,\ndie Protokolldaten nachtr\u00e4glich zu \u00fcberpr\u00fcfen, wenn aufgrund konkreter\nAnhaltspunkte der berechtigte Verdacht einer rechtswidrigen Nutzung besteht.\nIP-Adressen speichern wir f\u00fcr einen begrenzten Zeitraum in den Logfiles, wenn\ndies f\u00fcr Sicherheitszwecke erforderlich oder f\u00fcr die Leistungserbringung oder\ndie Abrechnung einer Leistung n\u00f6tig ist, z. B. wenn Sie eines unserer Angebote\nnutzen. Nach Abbruch des Vorgangs der Bestellung oder nach Zahlungseingang\nl\u00f6schen wir die IP-Adresse, wenn diese f\u00fcr Sicherheitszwecke nicht mehr\nerforderlich sind. IP-Adressen speichern wir auch dann, wenn wir den konkreten\nVerdacht einer Straftat im Zusammenhang mit der Nutzung unserer Website haben.\nAu\u00dferdem speichern wir als Teil Ihres Accounts das Datum Ihres letzten Besuchs\n(z.B. bei Registrierung, Login, Klicken von Links etc.).<\/p>\n\n\n\n<p><strong>2.2 E-Mail\nKontakt<\/strong><\/p>\n\n\n\n<p>Wenn Sie mit\nuns in Kontakt treten (z. B. per Kontaktformular oder E-Mail), speichern wir\nIhre Angaben zur Bearbeitung der Anfrage sowie f\u00fcr den Fall, dass\nAnschlussfragen entstehen. Weitere personenbezogene Daten speichern und nutzen\nwir nur, wenn Sie dazu einwilligen oder dies ohne besondere Einwilligung\ngesetzlich zul\u00e4ssig ist.<\/p>\n\n\n\n<p><strong>2.3 Cookies<\/strong><\/p>\n\n\n\n<p>Auf unserer\nWebsite werden keine Cookies verwendet.<\/p>\n\n\n\n<p><strong>2.4\nRechtsgrundlagen und Speicherdauer<\/strong><\/p>\n\n\n\n<p>Rechtsgrundlage\nder Datenverarbeitung nach den vorstehenden Ziffern ist Art 6 Abs. 1 Buchstabe\nf) DSGVO. Unsere Interessen an der Datenverarbeitung sind insbesondere die\nSicherstellung des Betriebs und der Sicherheit der Webseite, die Untersuchung\nder Art und Weise der Nutzung der Webseite durch Besucher, und die Vereinfachung\nder Nutzung der Webseite.<\/p>\n\n\n\n<p>Sofern nicht\nspezifisch angegeben speichern wir personenbezogene Daten nur so lange, wie\ndies zur Erf\u00fcllung der verfolgten Zwecke notwendig ist.<\/p>\n\n\n\n<p><strong>3. Ihre\nRechte als von der Datenverarbeitung Betroffener<\/strong><\/p>\n\n\n\n<p>Nach den\nanwendbaren Gesetzen haben Sie verschiedene Rechte bez\u00fcglich ihrer\npersonenbezogenen Daten. M\u00f6chten Sie diese Rechte geltend machen, so richten\nSie Ihre Anfrage bitte per E-Mail oder per Post unter eindeutiger\nIdentifizierung Ihrer Person an die in Ziffer 1 genannte Adresse.<br>\nNachfolgend finden Sie eine \u00dcbersicht \u00fcber Ihre Rechte.<\/p>\n\n\n\n<p><strong>3.1 Recht\nauf Best\u00e4tigung und Auskunft<\/strong><\/p>\n\n\n\n<p>Sie haben\njederzeit das Recht, von uns eine Best\u00e4tigung dar\u00fcber zu erhalten, ob Sie\nbetreffende personenbezogene Daten verarbeitet werden. Ist dies der Fall, so\nhaben Sie das Recht, von uns eine unentgeltliche Auskunft \u00fcber die zu Ihnen\ngespeicherten personenbezogenen Daten nebst einer Kopie dieser Daten zu\nerlangen. Des Weiteren besteht ein Recht auf folgende Informationen:<\/p>\n\n\n\n<p>1.&nbsp; die\nVerarbeitungszwecke;<\/p>\n\n\n\n<p>2.&nbsp; die\nKategorien personenbezogener Daten, die verarbeitet werden;<\/p>\n\n\n\n<p>3.&nbsp; die\nEmpf\u00e4nger oder Kategorien von Empf\u00e4ngern, gegen\u00fcber denen die personenbezogenen\nDaten offengelegt worden sind oder noch offengelegt werden, insbesondere bei\nEmpf\u00e4ngern in Drittl\u00e4ndern oder bei internationalen Organisationen;<\/p>\n\n\n\n<p>4.&nbsp;\nfalls m\u00f6glich die geplante Dauer, f\u00fcr die die personenbezogenen Daten\ngespeichert werden, oder, falls dies nicht m\u00f6glich ist, die Kriterien f\u00fcr die\nFestlegung dieser Dauer;<\/p>\n\n\n\n<p>5.&nbsp; das\nBestehen eines Rechts auf Berichtigung oder L\u00f6schung der Sie betreffenden\npersonenbezogenen Daten oder auf Einschr\u00e4nkung der Verarbeitung durch den\nVerantwortlichen oder eines Widerspruchsrechts gegen diese Verarbeitung;<\/p>\n\n\n\n<p>6.&nbsp; das\nBestehen eines Beschwerderechts bei einer Aufsichtsbeh\u00f6rde;<\/p>\n\n\n\n<p>7.&nbsp;\nwenn die personenbezogenen Daten nicht bei Ihnen erhoben werden, alle\nverf\u00fcgbaren Informationen \u00fcber die Herkunft der Daten;<\/p>\n\n\n\n<p>8.&nbsp; das\nBestehen einer automatisierten Entscheidungsfindung einschlie\u00dflich Profiling\ngem\u00e4\u00df Artikel 22 Abs\u00e4tze 1 und 4 DSGVO und \u2013 zumindest in diesen F\u00e4llen \u2013\naussagekr\u00e4ftige Informationen \u00fcber die involvierte Logik sowie die Tragweite\nund die angestrebten Auswirkungen einer derartigen Verarbeitung f\u00fcr Sie.<\/p>\n\n\n\n<p>Werden\npersonenbezogene Daten an ein Drittland oder an eine internationale\nOrganisation \u00fcbermittelt, so haben Sie das Recht, \u00fcber die geeigneten Garantien\ngem\u00e4\u00df Artikel 46<br>\nDSGVO im Zusammenhang mit der \u00dcbermittlung unterrichtet zu werden.<\/p>\n\n\n\n<p><strong>3.2 Recht\nauf Berichtigung<\/strong><\/p>\n\n\n\n<p>Sie haben\ndas Recht, von uns unverz\u00fcglich die Berichtigung Sie betreffender unrichtiger\npersonenbezogener Daten zu verlangen. Unter Ber\u00fccksichtigung der Zwecke der\nhaben Sie das Recht, die Vervollst\u00e4ndigung unvollst\u00e4ndiger personenbezogener\nDaten \u2013 auch mittels einer erg\u00e4nzenden Erkl\u00e4rung \u2013 zu verlangen.<\/p>\n\n\n\n<p><strong>3.3 Recht\nauf L\u00f6schung (&#8222;Recht auf Vergessenwerden&#8220;)<\/strong><\/p>\n\n\n\n<p>Sie haben\ndas Recht, von uns zu verlangen, dass Sie betreffende personenbezogene Daten\nunverz\u00fcglich gel\u00f6scht werden, und wir sind verpflichtet, personenbezogene Daten\nunverz\u00fcglich zu l\u00f6schen, sofern einer der folgenden Gr\u00fcnde zutrifft:<\/p>\n\n\n\n<p>1.&nbsp; Die\npersonenbezogenen Daten sind f\u00fcr die Zwecke, f\u00fcr die sie erhoben oder auf\nsonstige Weise verarbeitet wurden, nicht mehr notwendig.<\/p>\n\n\n\n<p>2.&nbsp; Sie\nwiderrufen Ihre Einwilligung, auf die sich die Verarbeitung gem\u00e4\u00df Artikel 6\nAbsatz 1 DSGVO Buchstabe a oder Artikel 9 Absatz 2 Buchstabe a DSGVO st\u00fctzte,\nund es fehlt an einer anderweitigen Rechtsgrundlage f\u00fcr die Verarbeitung.<\/p>\n\n\n\n<p>3.&nbsp; Sie\nlegen gem\u00e4\u00df Artikel 21 Absatz 1 DSGVO Widerspruch gegen die Verarbeitung ein\nund es liegen keine vorrangigen berechtigten Gr\u00fcnde f\u00fcr die Verarbeitung vor,\noder Sie legen gem\u00e4\u00df Artikel 21 Absatz 2 DSGVO Widerspruch gegen die\nVerarbeitung ein.<\/p>\n\n\n\n<p>4.&nbsp; Die\npersonenbezogenen Daten wurden unrechtm\u00e4\u00dfig verarbeitet.<\/p>\n\n\n\n<p>5.&nbsp; Die\nL\u00f6schung der personenbezogenen Daten ist zur Erf\u00fcllung einer rechtlichen\nVerpflichtung nach dem Unionsrecht oder dem Recht der Mitgliedstaaten\nerforderlich, dem wir unterliegen.<\/p>\n\n\n\n<p>6.&nbsp; Die\npersonenbezogenen Daten wurden in Bezug auf angebotene Dienste der\nInformationsgesellschaft gem\u00e4\u00df Artikel 8 Absatz 1 DSGVO erhoben. Haben wir die\npersonenbezogenen Daten \u00f6ffentlich gemacht und sind wir gem\u00e4\u00df zu deren L\u00f6schung\nverpflichtet, so treffen wir unter Ber\u00fccksichtigung der verf\u00fcgbaren Technologie\nund der Implementierungskosten angemessene Ma\u00dfnahmen, auch technischer Art, um\nf\u00fcr die Datenverarbeitung Verantwortliche, die die personenbezogenen Daten\nverarbeiten, dar\u00fcber zu informieren, dass Sie von ihnen die L\u00f6schung aller\nLinks zu diesen personenbezogenen Daten oder von Kopien oder Replikationen\ndieser personenbezogenen Daten verlangt hat.<\/p>\n\n\n\n<p><strong>3.4 Recht\nauf Einschr\u00e4nkung der Verarbeitung<\/strong><\/p>\n\n\n\n<p>Sie haben\ndas Recht, von uns die Einschr\u00e4nkung der Verarbeitung zu verlangen, wenn eine\nder folgenden Voraussetzungen gegeben ist:<\/p>\n\n\n\n<p>1.&nbsp; die\nRichtigkeit der personenbezogenen Daten wird von Ihnen bestritten, und zwar f\u00fcr\neine Dauer, die es uns erm\u00f6glicht, die Richtigkeit der personenbezogenen Daten\nzu \u00fcberpr\u00fcfen,<\/p>\n\n\n\n<p>2.&nbsp; die\nVerarbeitung unrechtm\u00e4\u00dfig ist und Sie die L\u00f6schung der personenbezogenen Daten\nablehntenund stattdessen die Einschr\u00e4nkung der Nutzung der personenbezogenen\nDaten verlangt;<\/p>\n\n\n\n<p>3.&nbsp; wir\ndie personenbezogenen Daten f\u00fcr die Zwecke der Verarbeitung nicht l\u00e4nger ben\u00f6tigen,\nSie die Daten jedoch zur Geltendmachung, Aus\u00fcbung oder Verteidigung von\nRechtsanspr\u00fcchen ben\u00f6tigten, oder<\/p>\n\n\n\n<p>4.&nbsp; Sie\nWiderspruch gegen die Verarbeitung gem\u00e4\u00df Artikel 21 Absatz 1 DSGVO eingelegt\nhaben, solange noch nicht feststeht, ob die berechtigten Gr\u00fcnde unseres\nUnternehmens gegen\u00fcber den Ihren \u00fcberwiegen.<\/p>\n\n\n\n<p><strong>3.5 Recht\nauf Daten\u00fcbertragbarkeit<\/strong><\/p>\n\n\n\n<p>Sie haben\ndas Recht, die Sie betreffenden personenbezogenen Daten, die uns bereitgestellt\nhaben, in einem strukturierten, g\u00e4ngigen und maschinenlesbaren Format zu\nerhalten, und Sie haben das Recht, diese Daten einem anderen Verantwortlichen\nohne Behinderung durch uns zu \u00fcbermitteln, sofern<\/p>\n\n\n\n<p>1.&nbsp; die\nVerarbeitung auf einer Einwilligung gem\u00e4\u00df Artikel 6 Absatz 1 Buchstabe a DSGVO\noder Artikel 9 Absatz 2 Buchstabe a DSGVO oder auf einem Vertrag gem\u00e4\u00df Artikel\n6 Absatz 1 Buchstabe b DSGVO beruht und<\/p>\n\n\n\n<p>2.&nbsp; die\nVerarbeitung mithilfe automatisierter Verfahren erfolgt.<\/p>\n\n\n\n<p>Bei der\nAus\u00fcbung ihres Rechts auf Daten\u00fcbertragbarkeit gem\u00e4\u00df Absatz 1 haben Sie das\nRecht, zu erwirken, dass die personenbezogenen Daten direkt von uns einem\nanderen Verantwortlichen \u00fcbermittelt werden, soweit dies technisch machbar ist.<\/p>\n\n\n\n<p><strong>3.6\nWiderspruchsrecht<\/strong><\/p>\n\n\n\n<p>Sie haben\ndas Recht, aus Gr\u00fcnden, die sich aus Ihrer besonderen Situation ergeben,\njederzeit gegen die Verarbeitung sie betreffender personenbezogener Daten, die\naufgrund von Artikel 6 Absatz 1 Buchstaben e oder f DSGVO erfolgt, Widerspruch\neinzulegen; dies gilt auch f\u00fcr ein auf diese Bestimmungen gest\u00fctztes Profiling.\nWir verarbeiten die personenbezogenen Daten nicht mehr, es sei denn, wir k\u00f6nnen\nzwingende schutzw\u00fcrdige Gr\u00fcnde f\u00fcr die Verarbeitung nachweisen, die Ihre\nInteressen, Rechte und Freiheiten \u00fcberwiegen, oder die Verarbeitung dient der\nGeltendmachung, Aus\u00fcbung oder Verteidigung von Rechtsanspr\u00fcchen. <br>\nWerden personenbezogene Daten von uns verarbeitet, um Direktwerbung zu\nbetreiben, so haben Sie das Recht, jederzeit Widerspruch gegen die Verarbeitung\nSie betreffender personenbezogener Daten zum Zwecke derartiger Werbung\neinzulegen; dies gilt auch f\u00fcr das Profiling, soweit es mit solcher\nDirektwerbung in Verbindung steht.<\/p>\n\n\n\n<p>Sie haben\ndas Recht, aus Gr\u00fcnden, die sich aus Ihrer besonderen Situation ergeben, gegen\ndie Sie betreffende Verarbeitung sie betreffender personenbezogener Daten, die\nzu wissenschaftlichen oder historischen Forschungszwecken oder zu statistischen\nZwecken gem\u00e4\u00df Artikel 89 Absatz 1 DSGVO erfolgt, Widerspruch einzulegen, es sei\ndenn, die Verarbeitung ist zur Erf\u00fcllung einer im \u00f6ffentlichen Interesse\nliegenden Aufgabe erforderlich.<\/p>\n\n\n\n<p><strong>3.7\nAutomatisierte Entscheidungen einschlie\u00dflich Profiling<\/strong><\/p>\n\n\n\n<p>Sie haben\ndas Recht, nicht einer ausschlie\u00dflich auf einer automatisierten Verarbeitung \u2013\neinschlie\u00dflich Profiling \u2013 beruhenden Entscheidung unterworfen zu werden, die\nIhnen gegen\u00fcber rechtliche Wirkung entfaltet oder Sie in \u00e4hnlicher Weise\nerheblich beeintr\u00e4chtigt.<\/p>\n\n\n\n<p><strong>3.8 Recht\nauf Widerruf einer datenschutzrechtlichen Einwilligung<\/strong><\/p>\n\n\n\n<p>Sie haben\ndas Recht, eine Einwilligung zur Verarbeitung personenbezogener Daten jederzeit\nzu widerrufen.<\/p>\n\n\n\n<p><strong>3.9 Recht\nauf Beschwerde bei einer Aufsichtsbeh\u00f6rde<\/strong><\/p>\n\n\n\n<p>Sie haben\ndas Recht auf Beschwerde bei einer Aufsichtsbeh\u00f6rde, insbesondere in dem\nMitgliedstaat ihres Aufenthaltsorts, ihres Arbeitsplatzes oder des Orts des\nmutma\u00dflichen Versto\u00dfes, Sie der Ansicht sind, dass die Verarbeitung der Sie\nbetreffenden personenbezogenen Daten rechtswidrig ist.<\/p>\n\n\n\n<p><strong>4.\nDatensicherheit<\/strong><\/p>\n\n\n\n<p>Wir sind um\ndie Sicherheit Ihrer Daten im Rahmen der geltenden Datenschutzgesetze und\ntechnischen M\u00f6glichkeiten maximal bem\u00fcht.<\/p>\n\n\n\n<p>Ihre\npers\u00f6nlichen Daten werden bei uns verschl\u00fcsselt \u00fcbertragen. Dies gilt f\u00fcr Ihre\nBestellungen und auch f\u00fcr das Kundenlogin. Wir nutzen das Codierungssystems SSL\n(Secure Socket Layer), weisen jedoch darauf hin, dass die Daten\u00fcbertragung im\nInternet (z.B. bei der Kommunikation per E-Mail) Sicherheitsl\u00fccken aufweisen\nkann. Ein l\u00fcckenloser Schutz der Daten vor dem Zugriff durch Dritte ist nicht\nm\u00f6glich.<\/p>\n\n\n\n<p>Zur\nSicherung Ihrer Daten unterhalten wir technische- und organisatorische\nSicherungsma\u00dfnahmen, die wir immer wieder dem Stand der Technik anpassen.<\/p>\n\n\n\n<p>Wir\ngew\u00e4hrleisten au\u00dferdem nicht, dass unser Angebot zu bestimmten Zeiten zur\nVerf\u00fcgung steht; St\u00f6rungen, Unterbrechungen oder Ausf\u00e4lle k\u00f6nnen nicht ausgeschlossen\nwerden. Die von uns verwendeten Server werden regelm\u00e4\u00dfig sorgf\u00e4ltig gesichert.<\/p>\n\n\n\n<p><strong>5.\nAutomatisierte Entscheidungsfindung<\/strong><\/p>\n\n\n\n<p>Eine\nautomatisierte Entscheidungsfindung auf der Grundlage der erhobenen\npersonenbezogenen Daten findet nicht statt. <\/p>\n\n\n\n<p><strong>6. Weitergabe\nvon Daten an Dritte, Keine Daten\u00fcbertragung ins Nicht-EU-Ausland<\/strong><\/p>\n\n\n\n<p>Grunds\u00e4tzlich\nverwenden wir Ihre personenbezogenen Daten nur innerhalb unseres Unternehmens.<\/p>\n\n\n\n<p>F\u00fcr den\nFall, dass wir bestimmte Teile der Datenverarbeitung auslagern\n(\u201eAuftragsverarbeitung\u201c), verpflichten wir Auftragsverarbeiter vertraglich\ndazu, personenbezogene Daten nur im Einklang mit den Anforderungen der\nDatenschutzgesetze zu verwenden und den Schutz der Rechte der betroffenen\nPerson zu gew\u00e4hrleisten.<\/p>\n\n\n\n<p>Eine\nDaten\u00fcbertragung an Stellen oder Personen au\u00dferhalb der EU au\u00dferhalb der in\ndieser Erkl\u00e4rung in Punkt 2.3 genannten F\u00e4llen findet nicht statt und ist nicht\ngeplant.<\/p>\n","protected":false},"excerpt":{"rendered":"<p>Datenschutzerkl\u00e4rung: Die nachfolgende Datenschutzerkl\u00e4rung gilt f\u00fcr die Nutzung der Webseite www.csu-aschau.de (nachfolgend \u201eWebsite\u201c). Wir messen dem Datenschutz gro\u00dfe Bedeutung bei. Die Erhebung und Verarbeitung Ihrer personenbezogenen Daten geschieht unter Beachtung der geltenden datenschutzrechtlichen Vorschriften, insbesondere der EU-Datenschutzgrundverordnung (DSGVO). Wir erheben und verarbeiten Ihre personenbezogenen Daten, um Ihnen das oben genannten &hellip;<\/p>\n","protected":false},"author":1,"featured_media":0,"parent":0,"menu_order":0,"comment_status":"closed","ping_status":"closed","template":"","meta":{"ngg_post_thumbnail":0,"footnotes":""},"class_list":["post-26","page","type-page","status-publish","hentry"],"jetpack_sharing_enabled":true,"_links":{"self":[{"href":"https:\/\/csu-aschau.de\/index.php?rest_route=\/wp\/v2\/pages\/26"}],"collection":[{"href":"https:\/\/csu-aschau.de\/index.php?rest_route=\/wp\/v2\/pages"}],"about":[{"href":"https:\/\/csu-aschau.de\/index.php?rest_route=\/wp\/v2\/types\/page"}],"author":[{"embeddable":true,"href":"https:\/\/csu-aschau.de\/index.php?rest_route=\/wp\/v2\/users\/1"}],"replies":[{"embeddable":true,"href":"https:\/\/csu-aschau.de\/index.php?rest_route=%2Fwp%2Fv2%2Fcomments&post=26"}],"version-history":[{"count":1,"href":"https:\/\/csu-aschau.de\/index.php?rest_route=\/wp\/v2\/pages\/26\/revisions"}],"predecessor-version":[{"id":27,"href":"https:\/\/csu-aschau.de\/index.php?rest_route=\/wp\/v2\/pages\/26\/revisions\/27"}],"wp:attachment":[{"href":"https:\/\/csu-aschau.de\/index.php?rest_route=%2Fwp%2Fv2%2Fmedia&parent=26"}],"curies":[{"name":"wp","href":"https:\/\/api.w.org\/{rel}","templated":true}]}}