{"id":28,"date":"2019-12-20T12:37:51","date_gmt":"2019-12-20T12:37:51","guid":{"rendered":"http:\/\/csu-aschau.de\/?page_id=28"},"modified":"2026-04-05T11:04:02","modified_gmt":"2026-04-05T11:04:02","slug":"startseite","status":"publish","type":"page","link":"https:\/\/csu-aschau.de\/","title":{"rendered":"Startseite"},"content":{"rendered":"\n<p class=\"has-text-align-center\" style=\"font-size:25px\"><\/p>\n\n\n\n<hr class=\"wp-block-separator has-css-opacity is-style-default\"\/>\n\n\n\n<hr class=\"wp-block-separator has-text-color has-accent-1-color has-css-opacity has-accent-1-background-color has-background is-style-default\"\/>\n\n\n\n<p class=\"has-text-align-center\">Liebe Aschauerinnen und Aschauer,<\/p>\n\n\n\n<p class=\"has-text-align-center\">Ich begr\u00fc\u00dfe Sie herzlich auf der neuen Webseite unseres CSU Ortsverbandes Aschau a. Inn.<\/p>\n\n\n<div class=\"wp-block-image\">\n<figure class=\"aligncenter size-large is-resized\"><img loading=\"lazy\" decoding=\"async\" width=\"1024\" height=\"683\" src=\"https:\/\/csu-aschau.de\/wp-content\/uploads\/2026\/01\/Aufstellungsversammlung-CSU-Aschau-1024x683.jpg\" alt=\"\" class=\"wp-image-318\" style=\"width:574px;height:auto\" srcset=\"https:\/\/csu-aschau.de\/wp-content\/uploads\/2026\/01\/Aufstellungsversammlung-CSU-Aschau-1024x683.jpg 1024w, https:\/\/csu-aschau.de\/wp-content\/uploads\/2026\/01\/Aufstellungsversammlung-CSU-Aschau-300x200.jpg 300w, https:\/\/csu-aschau.de\/wp-content\/uploads\/2026\/01\/Aufstellungsversammlung-CSU-Aschau-768x512.jpg 768w, https:\/\/csu-aschau.de\/wp-content\/uploads\/2026\/01\/Aufstellungsversammlung-CSU-Aschau-1536x1024.jpg 1536w, https:\/\/csu-aschau.de\/wp-content\/uploads\/2026\/01\/Aufstellungsversammlung-CSU-Aschau-2048x1365.jpg 2048w, https:\/\/csu-aschau.de\/wp-content\/uploads\/2026\/01\/Aufstellungsversammlung-CSU-Aschau-450x300.jpg 450w\" sizes=\"(max-width: 1024px) 100vw, 1024px\" \/><\/figure><\/div>\n\n\n<p><\/p>\n\n\n\n<p class=\"has-text-align-center\">Auf den folgenden Seiten geben wir Ihnen einen Einblick in die Organisation und Arbeit unseres Ortsverbandes. Mit diesen Seiten m\u00f6chten wir Ihnen unseren Ortsverband etwas n\u00e4herbringen und freuen uns \u00fcber Ihr Interesse an unserer Arbeit. Unser Ziel ist es, in allen Lebensbereichen das Beste f\u00fcr unser sch\u00f6nes Dorf zu erreichen, eine generationen\u00fcbergreifende Politik zu gestalten und unsere Gemeinde f\u00fcr alle lebens- und liebenswert zu erhalten.<\/p>\n\n\n\n<p class=\"has-text-align-center\">Die Gestaltung unserer Gemeinde lebt vom Mitmachen \u2013 oder wie John F. Kennedy es gesagt hat:<\/p>\n\n\n\n<p class=\"has-text-align-center\">\u201eEinen Vorsprung im Leben hat, wer da anpackt, wo die anderen erst einmal reden.\u201c<\/p>\n\n\n\n<p class=\"has-text-align-center\">Herzliche Gr\u00fc\u00dfe<\/p>\n\n\n<div class=\"wp-block-image\">\n<figure class=\"aligncenter size-large\"><img loading=\"lazy\" decoding=\"async\" width=\"262\" height=\"81\" src=\"http:\/\/csu-aschau.de\/wp-content\/uploads\/2020\/12\/Unterschrift-Weyrich.jpg\" alt=\"\" class=\"wp-image-258\"\/><\/figure><\/div>\n\n\n<p class=\"has-text-align-center\">1. B\u00fcrgermeister Aschau a. Inn<\/p>\n\n\n\n<hr class=\"wp-block-separator has-css-opacity\"\/>\n\n\n\n<hr class=\"wp-block-separator has-text-color has-accent-1-color has-css-opacity has-accent-1-background-color has-background is-style-default\"\/>\n","protected":false},"excerpt":{"rendered":"<p>Liebe Aschauerinnen und Aschauer, Ich begr\u00fc\u00dfe Sie herzlich auf der neuen Webseite unseres CSU Ortsverbandes Aschau a. Inn. Auf den folgenden Seiten geben wir Ihnen einen Einblick in die Organisation und Arbeit unseres Ortsverbandes. Mit diesen Seiten m\u00f6chten wir Ihnen unseren Ortsverband etwas n\u00e4herbringen und freuen uns \u00fcber Ihr Interesse &hellip;<\/p>\n","protected":false},"author":1,"featured_media":0,"parent":0,"menu_order":0,"comment_status":"closed","ping_status":"closed","template":"","meta":{"ngg_post_thumbnail":0,"footnotes":""},"class_list":["post-28","page","type-page","status-publish","hentry"],"jetpack_sharing_enabled":true,"_links":{"self":[{"href":"https:\/\/csu-aschau.de\/index.php?rest_route=\/wp\/v2\/pages\/28"}],"collection":[{"href":"https:\/\/csu-aschau.de\/index.php?rest_route=\/wp\/v2\/pages"}],"about":[{"href":"https:\/\/csu-aschau.de\/index.php?rest_route=\/wp\/v2\/types\/page"}],"author":[{"embeddable":true,"href":"https:\/\/csu-aschau.de\/index.php?rest_route=\/wp\/v2\/users\/1"}],"replies":[{"embeddable":true,"href":"https:\/\/csu-aschau.de\/index.php?rest_route=%2Fwp%2Fv2%2Fcomments&post=28"}],"version-history":[{"count":56,"href":"https:\/\/csu-aschau.de\/index.php?rest_route=\/wp\/v2\/pages\/28\/revisions"}],"predecessor-version":[{"id":430,"href":"https:\/\/csu-aschau.de\/index.php?rest_route=\/wp\/v2\/pages\/28\/revisions\/430"}],"wp:attachment":[{"href":"https:\/\/csu-aschau.de\/index.php?rest_route=%2Fwp%2Fv2%2Fmedia&parent=28"}],"curies":[{"name":"wp","href":"https:\/\/api.w.org\/{rel}","templated":true}]}}

<p class="has-text-align-center" style="font-size:25px"></p>



<hr class="wp-block-separator has-css-opacity is-style-default"/>



<hr class="wp-block-separator has-text-color has-accent-1-color has-css-opacity has-accent-1-background-color has-background is-style-default"/>



<p class="has-text-align-center">Liebe Aschauerinnen und Aschauer,</p>



<p class="has-text-align-center">Ich begrüße Sie herzlich auf der neuen Webseite unseres CSU Ortsverbandes Aschau a. Inn.</p>


<div class="wp-block-image">
<figure class="aligncenter size-large is-resized"><img loading="lazy" decoding="async" width="1024" height="683" src="https://csu-aschau.de/wp-content/uploads/2026/01/Aufstellungsversammlung-CSU-Aschau-1024x683.jpg" alt="" class="wp-image-318" style="width:574px;height:auto" srcset="https://csu-aschau.de/wp-content/uploads/2026/01/Aufstellungsversammlung-CSU-Aschau-1024x683.jpg 1024w, https://csu-aschau.de/wp-content/uploads/2026/01/Aufstellungsversammlung-CSU-Aschau-300x200.jpg 300w, https://csu-aschau.de/wp-content/uploads/2026/01/Aufstellungsversammlung-CSU-Aschau-768x512.jpg 768w, https://csu-aschau.de/wp-content/uploads/2026/01/Aufstellungsversammlung-CSU-Aschau-1536x1024.jpg 1536w, https://csu-aschau.de/wp-content/uploads/2026/01/Aufstellungsversammlung-CSU-Aschau-2048x1365.jpg 2048w, https://csu-aschau.de/wp-content/uploads/2026/01/Aufstellungsversammlung-CSU-Aschau-450x300.jpg 450w" sizes="(max-width: 1024px) 100vw, 1024px" /></figure></div>


<p></p>



<p class="has-text-align-center">Auf den folgenden Seiten geben wir Ihnen einen Einblick in die Organisation und Arbeit unseres Ortsverbandes. Mit diesen Seiten möchten wir Ihnen unseren Ortsverband etwas näherbringen und freuen uns über Ihr Interesse an unserer Arbeit. Unser Ziel ist es, in allen Lebensbereichen das Beste für unser schönes Dorf zu erreichen, eine generationenübergreifende Politik zu gestalten und unsere Gemeinde für alle lebens- und liebenswert zu erhalten.</p>



<p class="has-text-align-center">Die Gestaltung unserer Gemeinde lebt vom Mitmachen – oder wie John F. Kennedy es gesagt hat:</p>



<p class="has-text-align-center">„Einen Vorsprung im Leben hat, wer da anpackt, wo die anderen erst einmal reden.“</p>



<p class="has-text-align-center">Herzliche Grüße</p>


<div class="wp-block-image">
<figure class="aligncenter size-large"><img loading="lazy" decoding="async" width="262" height="81" src="http://csu-aschau.de/wp-content/uploads/2020/12/Unterschrift-Weyrich.jpg" alt="" class="wp-image-258"/></figure></div>


<p class="has-text-align-center">1. Bürgermeister Aschau a. Inn</p>



<hr class="wp-block-separator has-css-opacity"/>



<hr class="wp-block-separator has-text-color has-accent-1-color has-css-opacity has-accent-1-background-color has-background is-style-default"/>

<p>Liebe Aschauerinnen und Aschauer, Ich begrüße Sie herzlich auf der neuen Webseite unseres CSU Ortsverbandes Aschau a. Inn. Auf den folgenden Seiten geben wir Ihnen einen Einblick in die Organisation und Arbeit unseres Ortsverbandes. Mit diesen Seiten möchten wir Ihnen unseren Ortsverband etwas näherbringen und freuen uns über Ihr Interesse &hellip;</p>
